1 - 5335) + 12 + -2.
-114
Calculate 48 + -40 + 5 + -4 + 22 - 4.
27
What is -3 - ((-35 - -16) + -11 + -36)?
63
What is 9 + -14 + -43 + -63 + 58?
-53
Evaluate 6 + (21 - 24 - -44) + -20.
27
Evaluate -182 - ((-132 - 43) + 47).
-54
Evaluate (-2898 - -3015) + (-2 - 177).
-62
What is 3 + -1 - (-59 + (10 - -25))?
26
What is the value of 2 + (-3 - (-3 - 9)) + 2 - 51?
-38
What is 5 + 3 + -30 - (-91 + 85 - 24)?
8
What is (-6 - (198 - 104)) + 130?
30
-8 + (6 - (45 + -4) - (3 + -4 - -7))
-49
What is the value of 61 - ((-48 - 23) + 17) - (15 - (-1 + 2))?
101
What is the value of -4 - -2 - (-2092 + 2048)?
42
Calculate -5 + (12 - (12 - (5 + 5 - 9))) + -115.
-119
What is -105 - -153 - (90 + -12)?
-30
-40 - ((24 - 6) + -30)
-28
What is -72 + 19 + (-11 - -8) - -5 - 4?
-55
Evaluate -2 + -61 - (2219 + -2320).
38
What is the value of -37 + 113 + -112 + (-1 - -31)?
-6
What is the value of 96 - ((-4 - ((-3 - (-2 + 2)) + -3)) + 4)?
90
What is the value of 3 - (-29 - -30 - ((1 - -5) + -3))?
5
Calculate 21 + 27 + (56 - 5) - (1 - -10).
88
(74 - 144) + -84 - -146
-8
What is 29 - 14 - (3 - -5) - -13 - (3 - 10)?
27
Calculate -29 + (1 - 6) - (-634 + 662).
-62
What is the value of (-105 - -63) + 31 + (39 - 0) + -13?
15
What is the value of -9 - (-13 + (35 - 12)) - -10 - 77?
-86
(-26 - -73) + -75 + (-5 - 0 - 0)
-33
2 + -14 + 5 + 6 + 0 + -1 - 77
-79
Calculate 20 + 208 + -40 + -98.
90
(2 - -1) + (56 - 32 - 6)
21
What is the value of -3 + (-7 - -21) + 32 + -54 + -21?
-32
What is the value of 37 + -12 + -15 + (11 - 2) + -4?
15
27 + 1 + -69 - -2
-39
Calculate -19 + 22 + 15 + (0 - -32).
50
What is the value of (1 - 1) + 20 + 0 + 6?
26
Calculate (23 - (5 + -7 + 14)) + 16.
27
What is -16 + (-64 - -143) - (13 - (-4 + 2))?
48
Evaluate (-204 - -228) + 13 + (3 - 3) + 8.
45
Evaluate 2 - -2 - -6 - (17 + 9 + -17 + 6).
-5
Evaluate 2 - 7 - (4 + -1 + 17 - (-158 - -150)).
-33
91 + -3 + (27 + -8 - 49)
58
(-3 - (-2 + -1)) + 2 + -41
-39
Evaluate 13 - (-21 + 0 - -44) - -67.
57
(5 - (7 + -2 + -22)) + -68
-46
What is 4 - (11 - (-3 + 8 + (12 - -1))) - 80?
-69
What is the value of 28 + -48 + 156 + -43?
93
What is 16 + -34 - (1 - (-3 - 18))?
-40
Evaluate (63 - (57 + -5)) + -8 + -1 + 10.
12
Calculate 12 + -12 + -13 + -67 + 56.
-24
What is (-17 + 2 - -56) + -329 + 377?
89
What is 6 - (5 + -8 - (-6 + 6 + (-4 - -4)))?
9
What is the value of (-5 - -18) + -9 + 1 + 1 + 53 + 3?
62
Calculate -15 + 4 + (41 - -74 - (5 + -5)).
104
What is -25 + 92 - (-16 + 64)?
19
-1 + (79 - (-14 + 38 + -26))
80
What is (-29 - -72) + -54 + (31 + (-6 - -3) - 2)?
15
Evaluate (-53 - (6 - (-1 - 1))) + 36 + -41.
-66
What is the value of (-93 - (-142 - -81)) + 69?
37
(139 - 135) + (-1 + 0 - 107) - -7
-97
-38 - -77 - 13 - (-42 - -8)
60
Calculate -6 - (-11 + 10 + 50) - (-11 - (8 + -9)).
-45
(-11 - ((-29 - -15) + -10)) + -18 - 15
-20
Calculate 48 + (-26 - -42) - 52.
12
Calculate -8 + (-6 - (-38 - (-19 + 28))).
33
What is 53 + 8 + -16 + -56?
-11
Evaluate 2 - (2 + -4) - (3 + -22 + 2 + -29).
50
What is the value of -26 + (95 - (-15 + 60)) - 68?
-44
What is the value of (62 - (17 - (-25 - -16))) + 21?
57
Calculate 20 - 117 - 8 - -50.
-55
What is the value of (45 + -15 - -2) + -11 - 163?
-142
What is -17 - (-21 - (-46 - 16))?
-58
What is -6 + 31 + (29 - 52)?
2
Calculate -106 + 21 + 252 + -96.
71
Calculate -1 + 7 + (-58 - 3 - (82 + -60)).
-77
What is 7 + 3 + -10 + 69 + -80?
-11
Calculate (3 - 24 - (55 - 69)) + 21 - -2.
16
Evaluate (14 - 0 - (25 - 14 - 8)) + 56.
67
Calculate (-73 - (23 + -48)) + 74.
26
131 - (-8 - -100) - 116
-77
What is -17 + (-130 - -268) + 16?
137
What is (7 + -2 - 9) + 57 + -55 + -25?
-27
Calculate (-4 - (-5 - 62)) + -7 - 12 - -5.
49
What is the value of 117 - -18 - 64 - (-13 + -8)?
92
What is -22 - -3 - (-9 + 16 - 27)?
1
What is 3 - (-16 + 20 + 0)?
-1
Evaluate 4 + 1 + -3 + 5 + (-2 - -6 - 21).
-10
91 + (227 - 208 - (-8 + 14))
104
36 + -32 + -23 + 55
36
What is the value of 41 + -52 + -38 + 9 + 27?
-13
What is the value of (-9 - -17) + (-1 - (39 - -2)) + -5?
-39
Calculate 14 + -24 + (13 - -6) + -33 + 1 + 1.
-22
What is 38 + 12 + -111 + (0 - -11) + 2?
-48
62 - (18 - (13 + (-5 + 9 - 12)))
49
What is the value of (9 - -19) + -8 + -23 - (-1 + 1)?
-3
What is -192 - ((-147 - -24) + -7)?
-62
Evaluate -4 - ((1 - 2 - 2) + 12) - (-388 + 329).
46
Calculate -21 - (60 + (-43 - 26)).
-12
What is (-5 - (5 + 1 + (7 - 13))) + 6 + -2?
-1
What is the value of 3 - -35 - ((-18 - -11) + (16 - -1))?
28
What is (23 - -137) + (0 - 89)?
71
13 - ((3 + -4 - 23) + 11 + 36)
-10
What is 1 - -9 - (-5 - (-7 + -8 + 1))?
1
What is -60 - ((13 - 0) + (237 - 261))?
-49
-10 - (16 + 2 + -6 + (42 - (0 - -25)))
-39
What is 48 - 162 - -54 - 46?
-106
Calculate -13 - (-8 + 3) - 37.
-45
-77 + 165 + -131 + 41
-2
-49 - (-13 - 1 - (276 - 273))
-32
Evaluate 1 + 35 - ((24 - 76) + 37 - (1 - 17)).
35
What is (66 - 53) + 2 + 9?
24
(-63 - -91 - -28) + 0
56
What is (-7 - 18) + 26 - (67 - (-5 - -7))?
-64
What is (-17 - -3 - (-5 - -2)) + 24 + -3 + -47?
-37
Calculate 485 + -480 + (-53 - 5).
-53
-115 + (2 - -239) + -15
111
What is the value of (-15 - (-15 - 15) - 0) + -24?
-9
Calculate -11 + 38 - (24 + 12 - 44).
35
Calculate 60 + -41 + (-7 - 41).
-29
What is 0 + -5 - (-14 + (-34 - -39)) - -17?
21
Calculate -74 + 37 + 56 - (65 - 2).
-44
What is the value of (-189 - -163) + (-15 - -40 - 9)?
-10
What is the value of 1 + 2 + (1 - 20) + -108369 + 108291?
-94
Evaluate -127 - (-173 - -62) - (-1 + -1).
-14
Calculate -74 + 124 + -64 - (-112 + -8).
106
What is -83 + (28 - (18 + -35 + 17))?
-55
36 - (-7 - -38 - 11 - -1)
15
What is (10 - -1) + (48 - 57) - (-50 - 28)?
80
What is -4 + (-2 - (-12 + 24 + 7 + 9 + -21))?
-13
What is 31 - (37 + -21 + -6)?
21
Evaluate 50 - (-2 - (2 + 23 - (-1 + 4) - 13)).
61
Evaluate 6 + 1 - (39 - (37 + 7)).
12
Evaluate 143 + (-6 - (52 + (-17 - -3))).
99
Evaluate 19 - (59 - 2 - ((1 - -63) + -53)).
-27
What is -12 + (-31 - 21) + 4 + 8 + 1?
-51
(-22 - (3 + -11)) + (-41 - -28) + 20
-7
57 + 16 - ((-4 - 23) + 12)
88
(1 - 1) + 348 + -344 - -7
11
2 + -1 + -49 + (-27 + 44 - 3)
-34
Evaluate 103 - 64 - (-7 + -13 + 23).
36
What is (68 - 183) + (-30 - (-4 + 9 + -17))?
-133
What is -35 - (21 + -10 + -26) - 44?
-64
What is 30 + (-7 - 176) + 7 - -40?
-106
14 - ((3 - 1) + (-33 - -46) - 8)
7
What is -96 - ((16 - -12) + -82)?
-42
(1 - (2 + -3)) + -16 + 1 + (867 - 873)
-19
What is the value of (-100 - -70) + -29 + 62?
3
What is the value of (-92 - (-84 - -95)) + -9?
-112
-51 - ((32 - 41) + (4 + -3 - 0))
-43
-12 - -6 - -10 - 16 - -3 - (1 - 6)
-4
Evaluate (0 - 13) + (215 - 213) + -1 + -11.
-23
What is 3 + 45 - 43 - (22 + -1)?
-16
What is the value of -11 + -17 + -13 - (-10 - (-9 - -4))?
-36
-155 + (122 - (-85 - -128))
-76
Evaluate (6 - 6) + 53 + -51 + -1.
1
Evaluate (231 - 109) + -26 - ((-1 - -16) + 3 + -4).
82
Calculate 2 + 18 - ((-155 - -224) + -74).
25
What is the value of (-4 - (3 - -1)) + (-9 + -4 - -13) + -41?
-49
Evaluate -15 + (29 - 22 - 4) - -5.
-7
Evaluate (24 - 12 - -3) + (-50 - -1).
-34
What is the value of (-69 - -98) + -32 - (46 - (0 - 3))?
-52
Calculate -4 - (-72 - 2) - (-927 + 923).
74
What is the value of 3 + -5 + 5 - (-7 + 8) - (3 - -5)?
-6
29 + -18 + (-7 - (-15 + -34))
53
What is -43 + 0 - (-40 + 26 - (-10 + 9) - -13)?
-43
Evaluate 20 + -2 - (-21 + (50 - 13)).
2
What is -6 - (-2 + 0) - (-2 - -1 - (384 - 352))?
29
Evaluate -2 + 51 - ((-17 - 45 - -56) + 17 + 3).
35
Calculate 50 + 27 + -24 + -3 + -1 + -2.
47
Calculate -48 - (-47 + 42) - (-6 - 2).
-35
-29 + (3 - 26) - 2
-54
What is -36 + (77 - (-38 - -59))?
20
Evaluate 0 + 0 + 1 + -24 - (-468 + 419 - -52).
-26
What is 7 + 4 + (-12 - 41) + (20 - 5)?
-27
Calculate -7 - (33 + -30 - 56).
46
What is 88 + -96 + -2 + 10 - -45?
45
What is (0 - (6 - 2)) + -109 + 121 - 11?
-3
Calculate -137 + 174 + -9 + (1 - -3).
32
(53 - (-89 + 204)) + 10
-52
Evaluate 44 - (2 + 16 + -283 + 273).
36
Calculate -10 - ((-4 - 0) + (-9 - (-16 - -17)) + 6).
-2
Evaluate (-8 - -5 - 0) + -4 + (57 - 89).
-39
Evaluate -28 - -80 - 41 - -2.
13
What is 5 + 2 + (-3 - -5) + 32 + -27?
14
Evaluate -89 - (-30 + -99) - -4.
44
Evaluate (-732 - -718) + (2 - 15).
-27
Calculate -8 + 8 - (499 + -512).
13
-21 + ((13 - (5 + -1)) + -9 - -4)
-17
What is the value of 14 + (-91 - (-91 - -43))?
-29
Evaluate (0 - -20) + (-215 + 71 - -162).
38
What is the value of -4 - -4 - -1 - ((19 